75?
5, 19, 1801
List the prime factors of 39988796.
2, 29, 43, 8017
What are the prime factors of 638262706?
2, 19, 16796387
List the prime factors of 47618419.
1021, 46639
What are the prime factors of 31552047?
3, 79, 199, 223
List the prime factors of 674803126.
2, 19, 17757977
List the prime factors of 417881182.
2, 17, 37, 332179
List the prime factors of 714364362.
2, 3, 5077, 7817
What are the prime factors of 311446217?
67, 179, 25969
List the prime factors of 676599676.
2, 31, 5456449
List the prime factors of 337457976.
2, 3, 73, 192613
List the prime factors of 2799081063.
3, 313, 331213
What are the prime factors of 104016376?
2, 503, 25849
List the prime factors of 92786468.
2, 59, 109, 3607
What are the prime factors of 773329526?
2, 19, 37, 227, 2423
List the prime factors of 32655148.
2, 19, 429673
List the prime factors of 232814673.
3, 7, 13, 284267
What are the prime factors of 663608386?
2, 7, 61, 89, 8731
List the prime factors of 35760223.
19, 1882117
List the prime factors of 206912980.
2, 5, 10345649
What are the prime factors of 838176220?
2, 5, 7, 643, 9311
What are the prime factors of 1072768483?
223, 1789, 2689
List the prime factors of 545243623.
211, 1237, 2089
What are the prime factors of 333075013?
333075013
List the prime factors of 238206845.
5, 47641369
List the prime factors of 148660483.
47, 3162989
What are the prime factors of 22810261?
149, 153089
What are the prime factors of 49610320?
2, 5, 211, 2939
What are the prime factors of 172765036?
2, 43191259
What are the prime factors of 1343730819?
3, 447910273
List the prime factors of 118707390.
2, 3, 5, 139, 3163
List the prime factors of 1323271824.
2, 3, 7, 59, 66751
List the prime factors of 1394315680.
2, 5, 8714473
What are the prime factors of 2314788676?
2, 578697169
What are the prime factors of 708597826?
2, 354298913
List the prime factors of 6557722778.
2, 41, 3673, 21773
List the prime factors of 55029766.
2, 11, 43, 58171
What are the prime factors of 109903196?
2, 13, 2113523
What are the prime factors of 71755082?
2, 7, 5125363
List the prime factors of 1152878191.
71, 16237721
What are the prime factors of 448431862?
2, 61, 3675671
List the prime factors of 78819096.
2, 3, 97, 33857
List the prime factors of 320859767.
397, 808211
What are the prime factors of 464447393?
11743, 39551
What are the prime factors of 5658904090?
2, 5, 7, 1801, 44887
List the prime factors of 6728879857.
7, 961268551
What are the prime factors of 40708233?
3, 4523137
List the prime factors of 176450250.
2, 3, 5, 23, 53, 193
List the prime factors of 14242193.
7, 290657
What are the prime factors of 723611113?
73, 9912481
List the prime factors of 713236190.
2, 5, 17, 1901, 2207
List the prime factors of 2984496675.
3, 5, 23, 61, 113, 251
What are the prime factors of 136377353?
7, 2129, 9151
What are the prime factors of 39221857?
39221857
What are the prime factors of 64305495?
3, 5, 83, 1913
What are the prime factors of 140692614?
2, 3, 23448769
List the prime factors of 4631294285.
5, 926258857
List the prime factors of 187889444.
2, 73, 643457
What are the prime factors of 78449937?
3, 26149979
List the prime factors of 178513937.
7, 29, 37, 23767
List the prime factors of 4626654551.
31, 149246921
List the prime factors of 2703076421.
2703076421
List the prime factors of 17856603.
3, 73, 27179
List the prime factors of 563770379.
563770379
List the prime factors of 1762631041.
41, 911, 1151
List the prime factors of 173539091.
11, 163, 96787
List the prime factors of 20582146.
2, 13, 47, 16843
List the prime factors of 283301407.
293, 311, 3109
What are the prime factors of 1742320700?
2, 5, 101, 172507
List the prime factors of 37609420.
2, 5, 103, 18257
What are the prime factors of 63378191?
6173, 10267
What are the prime factors of 647028386?
2, 12227, 26459
List the prime factors of 45038019.
3, 13, 1154821
List the prime factors of 1940838298.
2, 7, 73, 1899059
What are the prime factors of 4466534528?
2, 29, 43, 27983
List the prime factors of 910100409.
3, 23, 13189861
List the prime factors of 916334880.
2, 3, 5, 67, 28493
What are the prime factors of 62258992?
2, 41, 94907
List the prime factors of 2838368753.
11, 37, 223, 2843
What are the prime factors of 2547586?
2, 17, 74929
List the prime factors of 134723321.
134723321
List the prime factors of 109270544.
2, 1283, 5323
What are the prime factors of 41880737?
59, 709843
What are the prime factors of 47010297?
3, 15670099
List the prime factors of 1554309519.
3, 7, 43, 1721273
List the prime factors of 1484292041.
30697, 48353
List the prime factors of 1226636439.
3, 7, 229, 255071
What are the prime factors of 1185334356?
2, 3, 98777863
What are the prime factors of 1614897105?
3, 5, 31, 3472897
List the prime factors of 142395833.
43, 3311531
What are the prime factors of 3998613?
3, 43, 139, 223
List the prime factors of 327417455.
5, 1171, 55921
List the prime factors of 86032730.
2, 5, 7, 337, 521
List the prime factors of 311090190.
2, 3, 5, 311, 33343
What are the prime factors of 1574751177?
3, 174972353
List the prime factors of 932867720.
2, 5, 23321693
List the prime factors of 41391000.
2, 3, 5, 7, 73
List the prime factors of 48600339.
3, 137, 118249
What are the prime factors of 863756363?
863756363
What are the prime factors of 623358951?
3, 207786317
List the prime factors of 1662067124.
2, 23, 67, 269641
List the prime factors of 77296522.
2, 19, 563, 3613
List the prime factors of 325944755.
5, 167, 390353
What are the prime factors of 5926000456?
2, 67, 79, 349, 401
List the prime factors of 86164640.
2, 5, 538529
What are the prime factors of 4394014394?
2, 7, 11, 73, 269, 1453
List the prime factors of 376994578.
2, 188497289
What are the prime factors of 1500547786?
2, 750273893
List the prime factors of 80556018.
2, 3, 2089, 6427
List the prime factors of 10913041.
10913041
List the prime factors of 3953248186.
2, 19, 379, 14447
List the prime factors of 86785527.
3, 17, 137, 12421
List the prime factors of 7208615897.
7, 1029802271
What are the prime factors of 141100704?
2, 3, 54437
What are the prime factors of 5450466710?
2, 5, 13, 1523, 27529
List the prime factors of 1655968.
2, 51749
What are the prime factors of 662547344?
2, 47, 59, 109, 137
List the prime factors of 5472877414.
2, 53, 51630919
What are the prime factors of 4056658446?
2, 3, 29, 23314129
List the prime factors of 191056509.
3, 7, 1010881
What are the prime factors of 1614560496?
2, 3, 5449, 6173
List the prime factors of 314774072.
2, 127, 359, 863
What are the prime factors of 226136623?
1949, 116027
What are the prime factors of 38891267?
31, 1254557
What are the prime factors of 29461321?
23, 43, 29789
List the prime factors of 5583461292.
2, 3, 29, 739, 7237
What are the prime factors of 40082349?
3, 31, 13903
What are the prime factors of 756200068?
2, 13, 113, 128693
What are the prime factors of 66065994?
2, 3, 3670333
List the prime factors of 108652535.
5, 37, 89, 6599
What are the prime factors of 92935380?
2, 3, 5, 1548923
What are the prime factors of 1052765092?
2, 277, 950149
List the prime factors of 3379320763.
7, 13, 683, 54371
What are the prime factors of 605761411?
97, 1511, 4133
What are the prime factors of 3297114698?
2, 43, 3499, 10957
What are the prime factors of 533716613?
533716613
List the prime factors of 261583687.
491, 532757
List the prime factors of 766030642.
2, 13, 17, 1733101
What are the prime factors of 4185842294?
2, 14011, 149377
List the prime factors of 19689502.
2, 7, 17, 82729
What are the prime factors of 318853404?
2, 3, 8857039
What are the prime factors of 129854106?
2, 3, 181, 39857
List the prime factors of 748018999.
7, 13, 19, 432631
List the prime factors of 316930739.
349, 601, 1511
List the prime factors of 58792961.
97, 606113
What are the prime factors of 13148535?
3, 5, 876569
List the prime factors of 150691820.
2, 5, 71, 106121
What are the prime factors of 59922896?
2, 11, 101, 3371
What are the prime factors of 430867100?
2, 5, 4308671
List the prime factors of 1958913618.
2, 3, 61, 223, 24001
What are the prime factors of 291502472?
2, 3331, 10939
What are the prime factors of 73930284?
2, 3, 2053619
What are the prime fa